3
What is 2 + -3 - (-758 + 725)?
32
What is the value of 41 + -31 - (-18 - (6 + 1 + -9))?
26
Evaluate -36 - (2 + (23 - 7) + -25).
-29
Calculate 13 + (-9 - (-8 - -13)).
-1
16 + -19 + (28 - 4)
21
What is 4 + -2 + -31 + 17?
-12
Calculate (2 + (-2 - 2) - (40 - 34)) + 6.
-2
Evaluate 24 + (2 + (11 - (-3 - -10)) - 3).
27
13 + 7 + -4 + 8 - -5
29
-13 + (-6 + 19 - 11)
-11
What is -9 - ((-38 - -44) + (1 - (3 - -1)))?
-12
Calculate -15 + (-9 - (11 + -20 + 10)).
-25
(-4 - -7) + 22 + -2 + -5 + 14
32
-16 - -29 - (3 + 11) - (-2 - -12)
-11
Calculate -31 + (-17 - -38) + -18.
-28
Calculate -577 - -578 - (-2 + 4).
-1
-3 - (-91 + 93 - (-9 - -3))
-11
What is the value of 0 + -7 + -2 + -2 + 4 + 17?
10
What is the value of 177 - 179 - (-1 + -1 - -10) - -38?
28
Calculate -20 + (-41 - -31 - -41).
11
Evaluate 37 - (-7 - (0 - (2 - -9))).
33
Calculate -38 - (9 - (13 + (1 - -2))).
-31
Calculate -157 - -151 - (-8 - -1).
1
What is the value of (-12 - (30 - 13)) + 16?
-13
Calculate 1 + -21 + -43 + 40.
-23
What is (21 + -25 + (-1 - 2) - -3) + 4?
0
-1 - -20 - 10 - (-2 - (0 + 3))
14
Evaluate (5 - (10 + -5) - 2 - -7) + -3.
2
What is (-9 - (-15 + 14)) + (-1 - -2)?
-7
-28 - -8 - (3 - (-4 - -17))
-10
What is 12 + 26 + -104 + 77?
11
5 - (-4 + 2) - (-10 - (-1 + 3))
19
Calculate (2 + -23 - (26 - 38)) + 24.
15
What is the value of (2 - 0) + (5 - -9 - 7 - 17)?
-8
What is the value of -20 + -1 + 13 - -19?
11
1 + 10 - (66 + -72)
17
What is -2538 + 2535 + (0 - -1) + 1?
-1
Evaluate 12 + 4 + -12 + -13 + -9.
-18
Evaluate (-6 - (9 + (6 - 7))) + (5 - 0).
-9
Evaluate (-11 - 1) + (0 - 0) + (-66 - -64).
-14
What is the value of (-19 - -1) + -12 + 3 + -14 + 19?
-22
Evaluate (9 - 11) + -7 + 22.
13
Evaluate 9 + 1 - (34 - (23 - (-26 + 48))).
-23
What is the value of -7 - (5 + -7) - -4 - (5 - 4)?
-2
9 + 7 + (-36 - (-20 - -9)) - 27
-36
What is the value of (-1 - (6 + -11 + 1)) + 4 + 1?
8
What is the value of -8 + -18 + (16 - -3)?
-7
What is -301 + 311 - (-2 + (-2 - -24))?
-10
Calculate 1 + (1 + 7 - (-3 - (-1 + 2))).
13
What is the value of (1 - -10) + 0 + (23 - 27)?
7
Evaluate (-13 - (-43 - -32)) + 9.
7
What is -33 + (0 - (-10 + -39))?
16
Evaluate 2 + (29 - 13) - 17.
1
What is -74 + 94 + (-28 - 8)?
-16
Calculate 10 - (98 - 104 - (-8 + (1 - 0))).
9
Calculate (-5 - -13 - 18) + -7.
-17
What is the value of 0 - 20 - (-183 - -172)?
-9
Evaluate (5 - 13) + (5 - -11) + -9 + 25.
24
Calculate (-2 - (-9 + -6)) + -3 + 10.
20
(-7 - (4 - 8)) + (15 - (-14 - -24))
2
What is the value of (-17 - 2) + 37 + -9?
9
Evaluate (-2 + 8 - (-13 + 12)) + -12 + 9.
4
Calculate 0 - (0 + 12 + -12).
0
What is -13 + -6 + 43 + -3?
21
-64 - -52 - ((4 - -2) + (-1 - -7))
-24
(0 - (33 + -37)) + (0 - 3)
1
What is (8 + 2 - (-3 + (-8 - -12))) + 11?
20
What is (1 - -8 - -3) + (-23 - -18)?
7
2 - -10 - -13 - 10
15
Evaluate 402 - 408 - (9 + -1 + (-1 - 0)).
-13
What is the value of -830 + 824 + 23 + -3 + 3?
17
Calculate 22 + (-6 - (15 - 9)).
10
Calculate (3 - -15) + (13 - 25 - -6).
12
Calculate -5 + (6 - 9) + 1 + 13 + 1.
7
What is the value of -31 - ((-10 - 18) + -30)?
27
Calculate (-4 - 24) + (-73 - -82).
-19
What is 6 + -1 - (20 + -4 + -17)?
6
Calculate 3 - (-10 + 19) - (0 + 3 + -1).
-8
Calculate 27 - 61 - -50 - ((2 - 0) + -5).
19
What is (5 - 11) + 5 + -135 + 140?
4
Evaluate 6 - (-11 - -16) - (-3 + (-18 - -3)).
19
What is (-10 - (4 - 2) - -43) + -7?
24
Evaluate 3 - (0 - (0 - -9)).
12
Calculate (2 + 10 + -9 - 13) + 14.
4
Calculate 3 + 1 - (-18 + 5 - -18) - -8.
7
Evaluate -1 - 16 - (15 + 12 + -34).
-10
What is (6 - (11 - -6)) + (8 - 11)?
-14
What is -1 - -31 - (900 - 891)?
21
What is (-1 + 4 - (-3 + 15)) + 2 + 4?
-3
-26 - (-1 - (31 + -13))
-7
What is 1 + -26 + 26 - (-24 + (-1 - -3))?
23
Calculate 138 - 133 - (14 + 1).
-10
Calculate (-4 - 37 - -70) + -15.
14
Calculate (4 + 5 - 4 - 8 - -4) + -4.
-3
Evaluate 8 + -1 + 1 + 51 + -55.
4
-10 + (16 - (-11 - -20))
-3
What is -179 + 185 + (-8 - (-1 - -1))?
-2
Calculate (15 - (3 + 19 - 10)) + -3.
0
Evaluate -19 + 19 - (0 + -4 + 13) - -6.
-3
What is the value of 31 + (9 + -4 - 19) + -5?
12
What is the value of -34 - (-93 - -60) - (1 + 5)?
-7
(-2 - 3) + 38 + -105 + 49
-23
-61 - (-21 + (-18 - -5))
-27
What is the value of 7 + 10 + (-4 - 4) + -9?
0
What is -27 + 26 - -12 - (-2 - 6)?
19
What is -12 + 1 + (-234 - -230)?
-15
What is the value of (-7 - 12 - (17 + -13)) + 7?
-16
What is 71 - (28 + 40 + -31)?
34
What is the value of 5 + 12 + 14 - (5 - 0)?
26
Evaluate -20 - (-7 + (-14 - (-7 - 10))).
-16
What is the value of -7 + -36 + 10 - -41?
8
Evaluate 3 - ((11 - 2) + (-30 - -31)).
-7
Evaluate -5 + 3 - (-3 + (-4 - -2) + -3).
6
Calculate 12 + (15 - 33) + 13.
7
19 - -3 - (12 - (6 - 1))
15
(5 - (1 + 19)) + 7 + -4
-12
What is the value of 0 - ((9 - 6 - 0) + (-5 - 7))?
9
What is the value of 17 + -53 + -1 + 6?
-31
Evaluate 375 + -374 + (0 + -1 - (-12 - 0)).
12
What is the value of (-51 - 1) + (-21 - (13 - 51))?
-35
19 + 1 + (-28 - (-5 + -18) - -16)
31
Evaluate 65 - 45 - (-2 - -16).
6
What is the value of 17 + 0 + 9 + -36?
-10
What is -13 + 8 + (5 + -6 + -7 - 2)?
-15
What is the value of (5 - 9) + 4 + -9 + 0 + -2?
-11
What is -3 + (14 - (5 + (13 - 8)))?
1
What is the value of 13 + (8 - (12 - -6)) + 2?
5
(9 - 1 - (91 + -81)) + 10
8
What is the value of -33 - (13 + 4 + -18 - 12)?
-20
What is the value of -4 - ((-45 - (-25 - -8)) + 5 + -1)?
20
Evaluate (-13 - -8) + 6 + 8.
9
-4 - (37 - 12) - -40
11
What is the value of -8 + (15 - -1) - (-6 - -3)?
11
Evaluate 10 + -5 + -7 + 5 + (-13 - -17).
7
-10 - (14 + -17 + 9)
-16
What is the value of 0 - -2 - (-167 + 174)?
-5
Evaluate -13 + 2 + 17 - (1 - (2 + -2)).
5
Evaluate -30 + (11 - 38 - -56).
-1
1 + (-12 - -15 - 14) - -20
10
Evaluate 2 - 0 - (-6 - 7 - -5).
10
What is 359 - 359 - (-2 - 16)?
18
What is the value of 255 + -242 + 0 + -7 - 11?
-5
What is the value of 14 + (-56 - (24 - 67))?
1
19 + -31 + 54 + -16
26
Calculate -4 + 6 - (5 - 10 - (4 - 3)).
8
-6 + (-11 - -16) + (-2 + -1 - -3)
-1
Evaluate 11 + -15 + (9 - (5 + 5)).
-5
What is the value of 101 + -93 + (1 - (0 - -21))?
-12
What is the value of -3 - (-7 + 5) - -6 - (17 + 20)?
-32
-8 - ((-22 - -14) + -14)
14
What is the value of 30 - 19 - (1 + 8 + -10)?
12
Evaluate 1 + (-19 - -26) - (3 + -1) - 11.
-5
-9 + (0 - (4 - 8)) + 17
12
What is 3 + 0 + 11 + -13?
1
What is the value of 0 + (-22 - -13 - (-36 + 9))?
18
What is 73 + -81 + 3 + -15?
-20
What is the value of 86 - 76 - (3 - 1)?
8
What is (-1 - -2) + -14 - (-481 + 493)?
-25
Calculate 123 + -120 - (0 + -4).
7
Evaluate (5 - 44 - -27) + (4 - 1) + 0.
-9
2 - (-2 + 2) - 0 - (2 + 4)
-4
What is the value of (18 + -30 - -7 - (3 + 0)) + 35?
27
Evaluate (-6 + 1 - (143 - 125) - -11) + 0.
-12
Evaluate -8 + 0 - (2 + -19 + 2).
7
-42 + 84 + -21 - 50
-29
Calculate -2 + -1 + -5 + (-5 - -17).
4
What is the value of -31 + 9 + -3 + -8 + 6 + 5?
-22
What is (9 - (-6 - 1)) + -25?
-9
(176 - 177) + (0 - 2 - 1)
-4
Evaluate (-37 - -32) + (2 - 0).
-3
Calculate 6 + (17 - (8 + 0 - -5)).
10
Calculate 86 + -60 - (3 - (4 + -11)).
16
16 + 10 + -4 + -14
8
What is 4 + 11 - (-27 + 45)?
-3
7 + 34 + -14 + 2
29
Calculate (-22 - (-28 + 30)) + 4.
-20
What is the value of 18 + (-115 - -120 - (1 + 2))?
20
Calculate 1 + (-15 - (13 + -37)).
10
Evaluate -7 + -2 - (80 + -90) - -24.
25
Calculate 4 + -1 + 31 + -31.
3
Evaluate 29 - (7 + 23 + -21).
20
(1 - (1 - 2)) + (-59 + 5 - -40)
-12
10 - (-8 + 15 - -7)
-4
Evaluate -8 + -18 + -60 + 97.
11
What is the value of 216 + -244 - (-16 + -1)?
-11
-8 - (2 + -5 - -8) - (1 - -7)
-21
-7 - (-24 - (-1 + -17) - (-2 + 5))
2
What is the value of 4 + 8 + -4 + 0 + -11?
-3
Calculate -29 + 5 - (-4 - 12 - -17).
-25
What is (-1 - 7) + 24 + (1 - 45)?
-28
What is the value of 1 + (14 - ((-10 - -14) + 0))?
11
Evaluate -1 + 8 + -5 + -11 + 4 + -1.
-6
What is 1 + -3 - (-35 - 3) - (65 - 54)?
25
What is -6 - (1 + -4 + -4 + -5 + 13)?
-7
Evaluate (-9 + -16 - -8) + 16.
-1
Calculate (-29 - -18 - -9) + 12 + -1.
9
What is the value of 12 - (7 - -7 - 9) - (3 - 4)?
8
What is the value of 3 + 9 + (-7 - 1) + 5?
9
Calculate -21 + 20 + 3 - (-5 - (1 - -1)).
9
What is the value of (0 + 5 - (8 + 10)) + 2 + -1?
-12
Evaluate -14 - (4 + -16 + 0).
-2
Calculate (-6 - 7 - -9) + -1 + -1.
-6
What is 0 + (-8 - -2) - ((51 - 107) + 69)?
-19
What is the value of -7 - (0 - (2 + 5 + -61 + 43))?
-18
What is -18 + (18 - 0) + (-6 - 22 - -19)?
-